5*a + f. Does 15 divide a?
True
Suppose -5*g = 3*g - 152. Is 14 a factor of g?
False
Suppose 2*v - 4*p - 8 = 0, 0*p + p + 17 = 3*v. Let m = 7 - v. Is 14 a factor of m + -1 - (6 - 34)?
True
Let w(c) = 2*c**2 + 8*c. Let g be w(-6). Let q = -2 + g. Does 11 divide q?
True
Is 283/5 - 10/(-25) a multiple of 18?
False
Suppose 3*v = -4*v + 966. Is 7 a factor of v?
False
Suppose -31 = -4*p + 125. Does 13 divide p?
True
Let p be -11*(3 + -4 - 2). Suppose 3*o + 12 = p. Is o a multiple of 3?
False
Let h = -3 - 2. Let u be h*(42/10 + -1). Let q = -4 - u. Is 8 a factor of q?
False
Suppose 0 = -14*k + 19*k - 420. Is k a multiple of 28?
True
Let v = 22 + 55. Does 16 divide v?
False
Let x(w) = w**3 + 7*w**2 + 5*w - 6. Let d be x(-6). Suppose d = 5*y - 4*y - 40. Is y a multiple of 20?
True
Let n = 5 + -3. Let u(h) = h**2 + h - 4. Let i be u(3). Suppose -l = -i - n. Is 5 a factor of l?
True
Let f = 472 + -327. Does 50 divide f?
False
Suppose 126 = o + 2*j + 3*j, -5*o = j - 630. Suppose -3*v - o = -6*v. Is 15 a factor of v?
False
Let g(h) = h**2 - 4*h - 4. Suppose 5*u - 15 - 25 = 0. Is 14 a factor of g(u)?
True
Let d = 7 + -3. Suppose a - 8 + d = 0. Is 7 a factor of a + (0 + -3 - -6)?
True
Let g = 9 + -9. Suppose 3*v - 74 + 2 = g. Is 6 a factor of v?
True
Let o = 6 - 6. Suppose -3*d + 27 = -r, 3*d - 4*r = -o*d + 36. Is d a multiple of 8?
True
Let y(f) = -f**3 - 4*f**2 + f - 7. Suppose 2*k = 4*g - 2*k - 12, -g = 2*k - 3. Suppose 4*a - g*a = -5. Is y(a) a multiple of 4?
False
Suppose 4*a - 5*y - 57 = 138, 0 = -4*a + 3*y + 197. Is a a multiple of 5?
True
Suppose 3*f + 3*c + 8 + 4 = 0, 4*c = -16. Suppose f*i = i - 9. Does 3 divide i?
True
Suppose 0 = q + 2*q - 5*g - 4, 0 = 2*q + 2*g - 8. Let l(v) = 2*v**3 - 5*v**2 + 3*v - 4. Is l(q) a multiple of 14?
True
Let d(v) = -7*v - 4. Does 5 divide d(-2)?
True
Let f(o) = -o + 5. Does 2 divide f(0)?
False
Let a = 2 - 0. Suppose -4*j + 14 = 2*w, -8 = -2*w + 2*j - 0. Suppose -w*i + a = -x - 0*x, -i = -4. Is x a multiple of 9?
True
Suppose 3*b + 0 = -15. Let f be 1 - (0 + 12 + -1). Is (0 - f)/((-5)/b) a multiple of 5?
True
Let r = 25 - 17. Let u = -5 + r. Suppose 2*i + 13 = u*i. Is 13 a factor of i?
True
Let z(w) = -w**3 + 4*w**2 - 4*w + 3. Let x be z(3). Suppose x = -m - 4*b + 5, -3*m - 2*m + 44 = b. Does 7 divide (-2 + m)/((-2)/(-2))?
True
Let i(y) = y**3 + 6*y**2 - 6*y - 8. Let r be i(-9). Is (-10)/25 + r/(-5) a multiple of 13?
True
Suppose -a - 4*a + 120 = 0. Does 8 divide a?
True
Let q(h) = -h**2 - 5*h - 1. Let n be q(-5). Let r(j) = 27*j**2 + 2*j + 1. Let z be r(n). Let m = z + -10. Does 16 divide m?
True
Suppose 0 = -9*t + 8*t + 43. Is t a multiple of 7?
False
Let b(d) = -d**3 - 7*d**2 - d - 7. Let u be b(-7). Suppose m + 5*a = 4*m + 7, u = 5*m + 3*a - 11. Is 11 a factor of m*2/(-4)*-22?
True
Let y(v) = v**2 - 6*v + 11. Suppose 3*u - w - 24 = 0, 5*u - u - 32 = 3*w. Let i be y(u). Let r = -3 + i. Is r a multiple of 24?
True
Let g = 3 - 6. Let r be 1 + -3 + (g - 1). Is r/21 - (-200)/14 a multiple of 7?
True
Let x(z) = z**2 + 5. Suppose -4*r + 2*j - 16 = j, -3*r - 3*j - 27 = 0. Does 13 divide x(r)?
False
Let m be (-2)/(-6)*0*1. Suppose -4*l - 1 - 20 = -5*u, m = u - 2*l - 3. Suppose -u*t = -0*t - 90. Is 7 a factor of t?
False
Let k = -220 + 332. Is k a multiple of 16?
True
Let h = 643 - 238. Is h a multiple of 27?
True
Let l(t) = -77*t**3 + 2*t**2 - t - 2. Is l(-1) a multiple of 25?
False
Is 34 a factor of 13/((-117)/840)*3/(-2)?
False
Does 10 divide 4 - (5 + -18 - -5)?
False
Let d(w) = w + 25. Let t be d(0). Let x = 79 - t. Is x a multiple of 26?
False
Suppose m - 7*m + 660 = 0. Let h = 6 - 2. Suppose -h*p = p - m. Is 18 a factor of p?
False
Let o(n) = n**2 + 3*n + 1. Let f be o(-2). Let j(l) be the first derivative of 17*l**3/3 + l**2/2 - 15. Does 9 divide j(f)?
False
Suppose -l = -0*l - 5. Suppose -l*o - 100 = -5*z, 4*z + z + o = 124. Does 12 divide z?
True
Suppose 4*p + g + 4*g = 41, 2*g + 25 = 3*p. Is 20 a factor of (p/6)/(3/80)?
True
Let u be 4/(-10) + (-48)/(-20). Suppose 141 = 3*f + 4*z, -z = -f + u*f - 48. Is f a multiple of 11?
False
Suppose 0*g + 3*g - 12 = 0. Suppose 5*l - 2*i + 14 = 0, -g*l - 4 + 0 = -4*i. Let d(f) = -10*f - 1. Is d(l) a multiple of 17?
False
Let p(o) = -o**3 + 10*o**2 - 9*o + 9. Does 20 divide p(8)?
False
Suppose -2*o - 2*o - 4 = 0. Let d = 1 - o. Suppose -5*u - i = -2*u - 97, 0 = d*i - 2. Is 16 a factor of u?
True
Suppose 4*t + 52 = 4*h, 0 = 4*h - 2*h + 3*t - 31. Is h a multiple of 10?
False
Suppose -4*s + 5*y = 9, -s - y = -0*s. Is 8 a factor of (2/2 - 33)*s?
True
Suppose -3*z + 3 = -9. Suppose -2*m = -z, 2*u = -6*m + 2*m + 22. Suppose -4*j + 46 = -p, 3*p = -2*j + u + 9. Does 6 divide j?
False
Suppose -8*i = -3*i. Suppose 4*v = -0*v - 16, 2*m - 2*v - 40 = i. Is m a multiple of 16?
True
Let d be (-1)/1 + (-1 - -4). Suppose -39 = -d*t - 1. Is t a multiple of 8?
False
Let c(f) = -4*f - 4. Let j be c(6). Let k = -19 - j. Is k a multiple of 9?
True
Let s be (2 - 15)*2 + -1. Let a = s + 39. Is a a multiple of 7?
False
Let c(k) = -88*k + 2. Is c(-1) a multiple of 10?
True
Suppose -4*f = b + 5, -3*f = -2*b - 0 + 12. Let p(j) = 4*j + 2*j - 2 - b*j + 7*j**2. Does 16 divide p(2)?
True
Suppose -2*m = -5*v - 2 - 6, -4*m + 2*v = -48. Does 14 divide m?
True
Let x = 19 + -12. Is x even?
False
Let g be (-21)/4 - 6/8. Does 8 divide g + 2 + 12*2?
False
Let c be 2/(1 + 1) + -4. Let w = c + 11. Suppose 4*a + w = 56. Is 12 a factor of a?
True
Let d = -8 + 22. Let v = d + -6. Does 4 divide (-165)/(-12) - 6/v?
False
Let i(r) = 2*r - 1 + 2*r - 3*r + 0. Let f(s) = -24*s + 6. Let m(t) = f(t) + 5*i(t). Is m(-1) a multiple of 20?
True
Let y = 99 - 50. Is y a multiple of 7?
True
Let c be (-16 - -1)/(10/10). Let l = c - -28. Does 3 divide l?
False
Is 13 a factor of -9 - -10 - 12/(-1)?
True
Is 6 a factor of (-2)/((-5)/(-100)*-2)?
False
Let q = -10 - -17. Suppose 4*o = 31 - q. Let m = 11 + o. Is m a multiple of 12?
False
Let l be -77 - (32/2)/4. Let t = 177 + l. Does 32 divide t?
True
Let z(a) = a**3 + 6*a**2 + a - 2. Let k be z(-6). Is 10/k*40/(-5) a multiple of 6?
False
Suppose -12 - 6 = -3*m. Let r(u) = 2*u - 2*u + 4*u + m. Is r(5) a multiple of 13?
True
Suppose 3*b = -5*j + 107, -3*j + 4*b + 40 + 30 = 0. Suppose -z = -14 - j. Is z a multiple of 32?
False
Let w = -3 + 11. Does 6 divide (10/w)/((-2)/(-16))?
False
Suppose 2*a - 5*u - 30 = 0, -u + 6 + 16 = a. Is a a multiple of 5?
True
Let g = -3 - -1. Let d = 16 - g. Is 10 a factor of d?
False
Is (194/(-4))/((-3)/6) a multiple of 25?
False
Let u be ((-4)/(-5))/(1/40). Suppose -v - 300 - u = -3*x, -112 = -x - v. Suppose -x - 30 = -3*o. Does 13 divide o?
False
Let j(o) = -2*o + 1. Suppose 2*k + 3*c = -7, 4*k + 6 = 3*k + c. Let i = 2 + k. Is j(i) a multiple of 3?
False
Let u be ((-20)/6)/(5/(-30)). Is 14 a factor of (-4)/u - 282/(-10)?
True
Let f = 12 + -6. Let u = 31 - f. Suppose -h - u = -77. Is h a multiple of 24?
False
Let b = -166 - -192. Is 21 a factor of b?
False
Let d(i) = 2*i**3 - 3*i**2 + 7*i - 1. Is d(2) a multiple of 14?
False
Let m be (-548)/(-12) + 1/3. Let a(k) = 15*k + 9. Let x be a(4). Let q = x - m. Does 14 divide q?
False
Suppose 0 = -s - 2. Is 21 - 3/(s - -3) a multiple of 8?
False
Let s(n) = -n**2 - 11*n. Let v be s(-11). Suppose 4*y + 3*j - 69 = 0, v = -4*y + j + 25 + 32. Does 15 divide y?
True
Suppose -f + 87 = j - 5*f, 0 = 2*j - 5*f - 189. Is j a multiple of 13?
False
Let f be (-1)/(-3) + 2280/(-36). Let r = -39 - f. Is 12 a factor of r?
True
Let p be (-3)/(-9)*20*15. Suppose d = 2*c + 3*c + 64, p = 2*d + 4*c. Suppose 2*n = -3*y + 2*y + d, 2*y = 5*n - 117. Does 12 divide n?
False
Suppose -18 = -3*j - 3. Suppose -w - 9 = -2*a, -11 = -2*a + j*w + 2. Suppose -5*h + 3*y = -83 + a, 62 = 4*h - 2*y. Is h a multiple of 14?
True
Suppose 2*d = 7*d - 150. Is d a multiple of 10?
True
Let l = 2 + 79. Is l a multiple of 28?
False
Suppose 0 = 5*z - 2*z + 3. Let q = 5 - z. Is 3 a factor of q?
True
Let z be (-6)/(-4) - 1029/(-6). Suppose -4*l + 77 = 2*w + 3, 5*w + 4*l = z. Does 11 divide w?
True
Let u(n) = n - 15. Let y be u(9). Is 4 a factor of 2*((-33)/y + -1)?
False
Let i be (0/(-3))/(3*-1). Suppose -4*a + a = i. Let r(q) = -q + 28. Is 10 a factor of r(a)?
False
Let q(n) = -2*n + 2*n**2 + 0*n + 3 + 4*n**2 + 0*n**2. Is q(3) a multiple of 21?
False
Suppose -81 = 3*b